{"id":462,"date":"2025-09-06T08:35:46","date_gmt":"2025-09-06T08:35:46","guid":{"rendered":"https:\/\/gr\u00fcezi-schwiiz.ch\/?page_id=462"},"modified":"2025-09-06T08:35:54","modified_gmt":"2025-09-06T08:35:54","slug":"programm","status":"publish","type":"page","link":"https:\/\/gr\u00fcezi-schwiiz.ch\/?page_id=462","title":{"rendered":"Programm"},"content":{"rendered":"<p><a href=\"#DE\"><img loading=\"lazy\" decoding=\"async\" class=\"alignnone wp-image-461\" src=\"https:\/\/gr\u00fcezi-schwiiz.ch\/wp-content\/uploads\/2025\/08\/DE-300x169.jpg\" alt=\"\" width=\"106\" height=\"60\" srcset=\"https:\/\/gr\u00fcezi-schwiiz.ch\/wp-content\/uploads\/2025\/08\/DE-300x169.jpg 300w, https:\/\/gr\u00fcezi-schwiiz.ch\/wp-content\/uploads\/2025\/08\/DE-1024x576.jpg 1024w, https:\/\/gr\u00fcezi-schwiiz.ch\/wp-content\/uploads\/2025\/08\/DE-768x432.jpg 768w, https:\/\/gr\u00fcezi-schwiiz.ch\/wp-content\/uploads\/2025\/08\/DE.jpg 1440w\" sizes=\"auto, (max-width: 106px) 100vw, 106px\" \/><\/a> <a href=\"#EN\"><img loading=\"lazy\" decoding=\"async\" class=\"alignnone wp-image-463\" src=\"https:\/\/gr\u00fcezi-schwiiz.ch\/wp-content\/uploads\/2025\/08\/English-300x180.png\" alt=\"\" width=\"100\" height=\"60\" srcset=\"https:\/\/gr\u00fcezi-schwiiz.ch\/wp-content\/uploads\/2025\/08\/English-300x180.png 300w, https:\/\/gr\u00fcezi-schwiiz.ch\/wp-content\/uploads\/2025\/08\/English.png 315w\" sizes=\"auto, (max-width: 100px) 100vw, 100px\" \/><\/a> <a href=\"#FR\"><img loading=\"lazy\" decoding=\"async\" class=\"alignnone wp-image-464\" src=\"https:\/\/gr\u00fcezi-schwiiz.ch\/wp-content\/uploads\/2025\/08\/FR-300x200.jpeg\" alt=\"\" width=\"90\" height=\"60\" srcset=\"https:\/\/gr\u00fcezi-schwiiz.ch\/wp-content\/uploads\/2025\/08\/FR-300x200.jpeg 300w, https:\/\/gr\u00fcezi-schwiiz.ch\/wp-content\/uploads\/2025\/08\/FR.jpeg 619w\" sizes=\"auto, (max-width: 90px) 100vw, 90px\" \/><\/a><\/p>\n<h2><a name=\"DE\"><\/a>Deutsch<\/h2>\n<h5><strong>Freitag:<\/strong><\/h5>\n<p>Willkommensevent<\/p>\n<h5><strong>Samstag:<\/strong><\/h5>\n<p>Hauptevent Reithalle RV Aarau<br \/>\nCacher Olympiade<br \/>\nVer\u00f6ffentlichung Event Labs<br \/>\nFood Trucks<br \/>\nAbend Event<\/p>\n<h5><strong>Sonntag:<\/strong><\/h5>\n<p>CITO an der Aare<br \/>\nAbschiedsevent<\/p>\n<hr \/>\n<h2><a name=\"EN\"><\/a>English<\/h2>\n<h5><strong>Friday:<\/strong><\/h5>\n<p>Welcome Event<\/p>\n<h5><strong>Saturday:<\/strong><\/h5>\n<p>Main event Reithalle RV Aarau<br \/>\nCacher Olympiad<br \/>\nPublication Event Labs<br \/>\nFood Trucks<br \/>\nEvening event<\/p>\n<h5><strong>Sunday:<\/strong><\/h5>\n<p>CITO near the Aare river<br \/>\nFarewell Event<\/p>\n<hr \/>\n<h2><a name=\"FR\"><\/a>Fran\u00e7ais<\/h2>\n<h5><strong> Vendredi:<\/strong><\/h5>\n<p>\u00c9v\u00e9nement de bienvenue<\/p>\n<h5><strong>Samedi:<\/strong><\/h5>\n<p>\u00c9v\u00e9nement principal Reithalle RV Aarau<br \/>\nSwiss Geocaching Olympics<br \/>\nPublication de ALCs<br \/>\nFood Trucks<br \/>\nsoir\u00e9e<\/p>\n<h5><strong>Dimanche:<\/strong><\/h5>\n<p>CITO au bord de l&#8217;Aar<br \/>\n\u00c9v\u00e9nement d&#8217;adieu<\/p>\n<p>&nbsp;<\/p>\n","protected":false},"excerpt":{"rendered":"<p>Deutsch Freitag: Willkommensevent Samstag: Hauptevent Reithalle RV Aarau Cacher Olympiade Ver\u00f6ffentlichung Event Labs Food Trucks Abend Event Sonntag: CITO an der Aare Abschiedsevent English Friday: Welcome Event Saturday: Main event Reithalle RV Aarau Cacher Olympiad Publication Event Labs Food Trucks Evening event Sunday: CITO near the Aare river Farewell Event Fran\u00e7ais Vendredi: \u00c9v\u00e9nement de bienvenue [&hellip;]<\/p>\n","protected":false},"author":1,"featured_media":0,"parent":83,"menu_order":0,"comment_status":"closed","ping_status":"closed","template":"","meta":{"footnotes":""},"class_list":["post-462","page","type-page","status-publish","hentry"],"_links":{"self":[{"href":"https:\/\/gr\u00fcezi-schwiiz.ch\/index.php?rest_route=\/wp\/v2\/pages\/462","targetHints":{"allow":["GET"]}}],"collection":[{"href":"https:\/\/gr\u00fcezi-schwiiz.ch\/index.php?rest_route=\/wp\/v2\/pages"}],"about":[{"href":"https:\/\/gr\u00fcezi-schwiiz.ch\/index.php?rest_route=\/wp\/v2\/types\/page"}],"author":[{"embeddable":true,"href":"https:\/\/gr\u00fcezi-schwiiz.ch\/index.php?rest_route=\/wp\/v2\/users\/1"}],"replies":[{"embeddable":true,"href":"https:\/\/gr\u00fcezi-schwiiz.ch\/index.php?rest_route=%2Fwp%2Fv2%2Fcomments&post=462"}],"version-history":[{"count":7,"href":"https:\/\/gr\u00fcezi-schwiiz.ch\/index.php?rest_route=\/wp\/v2\/pages\/462\/revisions"}],"predecessor-version":[{"id":471,"href":"https:\/\/gr\u00fcezi-schwiiz.ch\/index.php?rest_route=\/wp\/v2\/pages\/462\/revisions\/471"}],"up":[{"embeddable":true,"href":"https:\/\/gr\u00fcezi-schwiiz.ch\/index.php?rest_route=\/wp\/v2\/pages\/83"}],"wp:attachment":[{"href":"https:\/\/gr\u00fcezi-schwiiz.ch\/index.php?rest_route=%2Fwp%2Fv2%2Fmedia&parent=462"}],"curies":[{"name":"wp","href":"https:\/\/api.w.org\/{rel}","templated":true}]}}